 divisor of 159 and 999.
3
What is the highest common divisor of 2769 and 4758?
39
Calculate the greatest common divisor of 96 and 22416.
48
Calculate the highest common factor of 539 and 260579.
11
What is the greatest common factor of 2296 and 486424?
328
What is the highest common divisor of 186 and 6114?
6
Calculate the greatest common factor of 3330 and 13590.
90
What is the greatest common divisor of 198 and 30558?
66
What is the highest common divisor of 66 and 35216?
2
Calculate the highest common divisor of 354837 and 3047.
277
What is the greatest common factor of 60 and 167260?
20
What is the greatest common divisor of 157 and 79128?
157
What is the greatest common divisor of 58762 and 572?
22
What is the greatest common factor of 56584 and 1144?
88
What is the highest common factor of 1908 and 3021?
159
Calculate the highest common factor of 1598 and 23647.
17
Calculate the greatest common factor of 255 and 753600.
15
What is the greatest common divisor of 368 and 86204?
92
What is the highest common factor of 135 and 37530?
135
What is the highest common factor of 7458 and 6138?
66
What is the greatest common factor of 48 and 944?
16
What is the greatest common divisor of 11 and 775819?
11
What is the greatest common factor of 2867 and 2257?
61
What is the greatest common factor of 574 and 10086?
82
Calculate the greatest common divisor of 10842 and 1781.
13
What is the highest common divisor of 1104 and 604256?
368
What is the highest common divisor of 880 and 13520?
80
Calculate the greatest common factor of 705 and 202805.
235
Calculate the highest common divisor of 311565 and 15.
15
Calculate the highest common divisor of 1304 and 302.
2
What is the greatest common factor of 28126 and 1476?
82
What is the highest common factor of 4059 and 32841?
369
What is the highest common factor of 278 and 1198458?
278
Calculate the highest common divisor of 135 and 114970.
5
What is the highest common factor of 3136 and 10416?
112
What is the greatest common factor of 1992336 and 48?
48
What is the greatest common factor of 60008 and 832?
104
What is the highest common divisor of 17238 and 7242?
102
Calculate the highest common divisor of 788765 and 365.
365
What is the highest common divisor of 14749 and 7889?
343
What is the highest common factor of 10117 and 4757?
67
Calculate the greatest common factor of 250 and 117125.
125
Calculate the highest common factor of 2622 and 6726.
114
Calculate the highest common factor of 21 and 2681763.
21
What is the greatest common divisor of 17 and 670531?
17
What is the highest common divisor of 2050 and 22?
2
Calculate the greatest common factor of 3515 and 111.
37
What is the greatest common divisor of 287 and 4579085?
287
What is the highest common factor of 62 and 1046312?
62
Calculate the highest common divisor of 15 and 196235.
5
Calculate the greatest common factor of 761 and 5069021.
761
Calculate the highest common factor of 19135 and 623.
89
Calculate the greatest common factor of 3948 and 1537746.
1974
Calculate the highest common divisor of 2 and 6039.
1
Calculate the highest common divisor of 28 and 568988.
28
What is the highest common factor of 84 and 6503?
7
Calculate the highest common divisor of 21248 and 112384.
256
Calculate the highest common divisor of 458 and 4544734.
458
Calculate the highest common factor of 234 and 17739.
9
What is the greatest common factor of 90 and 55710?
90
What is the highest common divisor of 1876562 and 194?
194
Calculate the highest common divisor of 21395 and 220.
55
What is the greatest common divisor of 1182 and 209411?
197
What is the highest common divisor of 307699 and 2373?
791
What is the highest common divisor of 220 and 23342?
22
What is the highest common factor of 1830 and 66063?
183
Calculate the greatest common divisor of 1467 and 332357.
163
Calculate the greatest common factor of 101237 and 134.
67
Calculate the greatest common factor of 105 and 3360.
105
What is the highest common divisor of 1351 and 24704?
193
Calculate the highest common divisor of 524 and 1846576.
524
Calculate the highest common divisor of 232 and 1542626.
58
What is the highest common factor of 84256 and 128?
32
Calculate the greatest common divisor of 3375 and 810.
135
Calculate the greatest common divisor of 12 and 57576.
12
What is the highest common divisor of 18213 and 3549?
39
Calculate the greatest common factor of 48803 and 592.
37
Calculate the greatest common factor of 36 and 35757.
9
What is the greatest common factor of 229 and 2730367?
229
Calculate the greatest common factor of 456 and 10082616.
456
What is the greatest common factor of 2182749 and 7077?
1011
Calculate the greatest common divisor of 1482 and 408538.
494
What is the highest common factor of 868 and 35896?
28
Calculate the greatest common divisor of 5 and 155110.
5
Calculate the greatest common factor of 248 and 58466.
62
Calculate the greatest common factor of 143961 and 2679.
141
What is the greatest common divisor of 4632 and 2006814?
1158
Calculate the greatest common divisor of 225 and 85482.
9
Calculate the greatest common factor of 50 and 59610.
10
Calculate the greatest common factor of 42224 and 2548.
364
What is the highest common divisor of 2157 and 2613?
3
What is the greatest common factor of 62748 and 3213?
189
What is the highest common divisor of 854658 and 85?
17
Calculate the greatest common factor of 63 and 801423.
63
Calculate the highest common factor of 863 and 26753.
863
Calculate the greatest common divisor of 5055 and 60.
15
Calculate the highest common divisor of 319 and 288013.
11
What is the highest common factor of 801183 and 1479?
87
Calculate the highest common factor of 601599 and 254.
127
Calculate the highest common factor of 74529 and 5586.
147
What is the greatest common factor of 38874 and 45694?
682
What is the highest common factor of 87408 and 144?
144
What is the greatest common factor of 15 and 12786930?
15
Calculate the greatest common divisor of 74360 and 7040.
440
What is the highest common divisor of 92 and 1148?
4
Calculate the greatest common factor of 6359230 and 10.
10
Calculate the greatest common factor of 7527 and 663.
39
What is the highest common divisor of 2232 and 1416?
24
What is the greatest common factor of 3321358 and 68?
34
What is the highest common divisor of 4375 and 14?
7
Calculate the highest common factor of 1854 and 24411.
309
Calculate the highest common divisor of 2796 and 14748.
12
What is the highest common divisor of 65654 and 2414?
34
Calculate the greatest common factor of 54624 and 72.
24
What is the greatest common factor of 96042 and 18?
6
Calculate the highest common factor of 148730 and 40.
10
What is the greatest common divisor of 3255 and 357585?
465
What is the greatest common factor of 12151251 and 126?
63
What is the greatest common factor of 30717844 and 2146?
2146
Calculate the greatest common divisor of 4968 and 209254.
46
Calculate the highest common factor of 30861 and 127.
127
Calculate the greatest common factor of 890256 and 1632.
816
What is the greatest common factor of 2139 and 47337?
93
Calculate the greatest common factor of 28 and 358106.
14
Calculate the highest common factor of 39690 and 3.
3
What is the greatest common divisor of 104482 and 238?
238
What is the highest common divisor of 195 and 26390?
65
What is the highest common divisor of 3001792 and 1424?
1424
Calculate the greatest common factor of 11235 and 3150.
105
Calculate the highest common divisor of 1880 and 13348.
188
Calculate the highest common divisor of 6041 and 2.
1
Calculate the highest common factor of 3695 and 8.
1
Calculate the greatest common divisor of 125 and 564625.
125
What is the highest common divisor of 2560256 and 548?
548
What is the greatest common divisor of 2274640 and 32?
16
What is the highest common divisor of 6364 and 1161?
43
What is the highest common factor of 780 and 185835?
195
Calculate the highest common factor of 274 and 1281909.
137
What is the highest common divisor of 94 and 94?
94
What is the greatest common factor of 14000 and 784?
112
What is the highest common factor of 1010201 and 1?
1
Calculate the highest common divisor of 95568 and 184.
8
What is the highest common fa